/((-10)/(-50)). What is the highest common divisor of u and 32?
4
Let u be (6/(-15))/((-7)/140). Calculate the greatest common divisor of 12 and u.
4
Let t(b) = -b**3 + 5*b**2 - 2*b - 5. Suppose -4 = -w - 0. Let g be t(w). Suppose -g + 1 = -l. What is the greatest common divisor of 16 and l?
2
Suppose 4*x = -s + 58, x - 80 = -4*x - 5*s. Let w = x - 4. Let j = -76 - -156. What is the greatest common factor of w and j?
10
Let a(d) = 18*d - 2. Let k be a(1). What is the highest common divisor of 24 and k?
8
Let w(j) = -j**2 - 15*j + 5. Let n be w(-5). Calculate the highest common factor of n and 5.
5
Let n = -2 - -7. Suppose 2*y = -n*u + 63, -5 = u - 4*y - 0*y. Let a be (u - 0) + 2/(-1). What is the greatest common divisor of 99 and a?
9
Let k = -4 + 7. Suppose 2*z + 4*y = 28, -2*z + k*z = 2*y + 14. Calculate the greatest common factor of z and 126.
14
Let h be -6*1*1/(-2). What is the highest common divisor of 33 and h?
3
Let r = 22 - -2. Calculate the highest common factor of r and 72.
24
Suppose 8*j = 5*j. Suppose j = 2*g - 26 - 24. What is the greatest common divisor of 175 and g?
25
Let i(t) = 5*t + 1. Let z be i(2). What is the highest common factor of 44 and z?
11
Let a = 9 - -3. Calculate the greatest common factor of a and 18.
6
Suppose -3*f + 9 = -0*f. Let m be 621/(-15) + (-2)/(-5). Let j = m - -74. Calculate the greatest common factor of j and f.
3
Let c(b) = -b**3 + 9*b**2 - 5*b + 6. Let w be c(5). Suppose -w = -5*s + 14. What is the highest common factor of 152 and s?
19
Suppose r = -4*r - 10. Let a be -6*(r/(-3) + -1). Suppose 0 = 4*s + a*c - 16, -3*s - 2*c + 6*c = -23. Calculate the highest common factor of s and 1.
1
Suppose -2*g + 323 = -4*k + 7*k, -5*g = 10. Let d = k - 64. What is the highest common factor of 30 and d?
15
Suppose 0*v = -v + 30. Suppose 5*f - 65 = -5*g, 3*f - 2*g = -0*g + 64. Let x = f - 8. Calculate the greatest common divisor of v and x.
10
Let f = 173 - 74. Calculate the highest common divisor of 9 and f.
9
Let v = -3 + 1. Let s be v - -65 - 0/3. What is the greatest common divisor of s and 42?
21
Suppose -4*n + 5 = -15, 0 = 2*q - 3*n + 9. Calculate the greatest common factor of 15 and q.
3
Let m = 20 - -16. Let w = -20 + 29. Calculate the highest common factor of m and w.
9
Let j(b) = -b**3 - 6*b**2 - 15*b - 14. Let x be j(-5). Calculate the greatest common divisor of 48 and x.
12
Let k be 0 - (-2 + 2 - 106). Let y be k/9 + (-6)/(-27). Let p be ((-108)/(-15))/(3/15). What is the highest common divisor of y and p?
12
Let m(j) = -j**3 - 13*j**2 - j - 5. Let g be m(-13). What is the greatest common factor of g and 88?
8
Let b = 128 + -98. Suppose -298 = -3*o + 692. Calculate the highest common divisor of b and o.
30
Let b(z) = -13*z**2 + 2*z + 1. Let v be b(-1). Let s = -1 - -2. Let l = s - v. Calculate the greatest common factor of l and 10.
5
Suppose 0 = 4*j + 9 + 23. Let i be -3*-6*j/(-18). Calculate the greatest common factor of i and 88.
8
Let w = 16 + -14. Suppose w*o - 13 = 43. Calculate the greatest common divisor of o and 14.
14
Suppose -h - 10 = -0*h - 3*l, 5*h = 4*l - 17. Let z be 1/(h*(-2)/14). Suppose -z*a + 105 = -2*a. Calculate the greatest common factor of 7 and a.
7
Let t = 157 - 87. What is the highest common factor of 14 and t?
14
Suppose 0 = 3*u + 5*v - 10, -2*u = 3*u - 5*v + 10. Suppose -120 = -u*g - 2*g. Let c = 16 - 4. What is the greatest common divisor of g and c?
12
Let c be -69*((-3)/(-9))/(-1). Let k = 5 + c. What is the highest common factor of k and 7?
7
Let b(r) = r**3 + 12*r**2 + 12*r + 1. Let m be b(-6). Calculate the greatest common divisor of m and 58.
29
Let q(m) be the first derivative of -1/4*m**4 - 1/3*m**3 + m - 2 + 1/2*m**2. Let o be q(0). Calculate the highest common factor of 1 and o.
1
Let k be (-594)/(-21) + (-8)/28. What is the highest common factor of k and 224?
28
Let r(p) = -p**3 + 4*p**2 + 6*p - 5. Let w be r(5). Let m be (w - (-2)/(-2)) + 113. Suppose -2*s - 28 = -4*s. Calculate the highest common divisor of s and m.
14
Let y(g) = g**2. Let r be y(2). Suppose 3 = -a - 2*n + 8, -5*a - r*n + 25 = 0. What is the greatest common factor of a and 50?
5
Let a(t) = 1 + t + 5 - 5*t**2 - 6*t + t**3 - 2. Let n be a(6). Calculate the highest common factor of 25 and n.
5
Let l(m) = 3*m - 1. Let t be l(4). Calculate the highest common factor of t and 1.
1
Let j(c) = c**3 - 2*c**2 + 4*c - 4. Let x be j(3). Calculate the greatest common factor of x and 153.
17
Let i(y) = -3*y + 6. Let v = -15 - -9. Let q be i(v). What is the greatest common divisor of q and 12?
12
Let x be (-14)/77 + 6/33 + 238. What is the highest common factor of 34 and x?
34
Let c be ((-4)/10)/((-1)/(-10)). Let j = 23 - c. What is the greatest common divisor of j and 3?
3
Let j(u) = u**3 - 3*u**2 + 5*u - 5. Let l be j(5). What is the greatest common divisor of 10 and l?
10
Let y(k) = -3*k + 1. Let o be y(-6). Suppose s + o = 117. What is the greatest common divisor of 14 and s?
14
Let z be 3 + 21 + (-1 - (-4)/4). Calculate the highest common divisor of 3 and z.
3
Let r = 4 + -6. Let p be (-3)/(r - 1/(-2)). Calculate the highest common divisor of p and 8.
2
Let u = -43 - -52. Calculate the highest common divisor of 45 and u.
9
Suppose 3*h + 18 = 3. Let p be h/5*15*1. Let f be (p/(-3))/(1/1). Calculate the greatest common factor of 5 and f.
5
Suppose 5*v + 13 = 63. Let k = 5 - -5. What is the greatest common factor of v and k?
10
Let b(d) = 2*d - 3. Let z be b(4). Suppose -98 = -3*c - 3*n + 358, -z*c + 748 = -n. Calculate the highest common divisor of 15 and c.
15
Let a = 2 - 3. Let h = a - -3. Suppose -h*s + 60 = s. Calculate the highest common divisor of s and 5.
5
Suppose 4 = -4*w + 28. Let f be 0 + 2*(0 + 1). Suppose p - 190 = -5*z - 4*p, f*z + 4*p = 68. What is the greatest common divisor of w and z?
6
Let z = -27 - -31. Suppose 4*x - 2*x = z. Calculate the highest common divisor of 4 and x.
2
Suppose -c + 3 - 1 = 0. Suppose c*r + 0*r - 4*m = 172, 0 = -2*r - m + 157. What is the highest common divisor of r and 10?
10
Let x(v) = v**2 - 5*v + 6. Let k be x(5). Let h(p) = -478 + 480 - p + 2*p. Let g be h(k). What is the highest common divisor of g and 72?
8
Suppose -w + 2*b = 2*w - 8, 4*w - 4*b = 16. Suppose 3*h = -3*r + 3, 3*r = 5*h - w*h - 45. What is the highest common factor of 54 and h?
6
Let k be (-441)/(-18) + 2/(-4). Suppose 41 = 3*s + 17. Calculate the greatest common divisor of s and k.
8
Let w be (-2 + 42/15)*5. Suppose -3*l - 2*a = -51, -5*l + 140 = -w*a + 33. Calculate the greatest common factor of l and 57.
19
Let f be 95/4 + 2/8. Let p be (-3)/(-6) - (-3)/2. Suppose 4*b = -a + 36, 2*b - 40 = -2*a + p. Calculate the highest common divisor of a and f.
8
Suppose 0 = -13*q + 17*q - 100. Calculate the greatest common divisor of q and 20.
5
Let f(p) = -p**2 + 10*p - 12. Let h be f(7). Let m be ((-57)/(-6) - 2)*2. Let z = m - h. Calculate the greatest common factor of 54 and z.
6
Let p be ((-5)/5)/((-5)/115). Calculate the greatest common factor of 92 and p.
23
Let u be 2/((8/(-25))/(-4)). Let g be u/(-15)*(-4 - -1). Suppose g*y + 21 = 3*a + 2*y, 4*a + 5*y = 46. What is the highest common divisor of 45 and a?
9
Let d(c) = c**2 + 11*c + 8. Let s be d(-12). What is the highest common divisor of 5 and s?
5
Suppose n - 44 = -5*z, -2*n - n + 42 = 5*z. Let j(g) = g**2 - 9*g + 8. Let w be j(z). Calculate the greatest common divisor of 56 and w.
8
Suppose -83 = -9*h + 16. Suppose 3*w = 8*w - 495. What is the greatest common factor of w and h?
11
Let c be -4 + 3 + -1 + 18 + -4. What is the greatest common divisor of 12 and c?
12
Let l(n) = -41*n - 20. Let k(o) = 20*o + 10. Let t(z) = -13*k(z) - 6*l(z). Let u be t(-7). Calculate the greatest common divisor of u and 22.
22
Let x be (2/4)/(5/1360). What is the highest common divisor of x and 17?
17
Let v = 2 - 3. Let z be (0 + v)*(1 + -22). What is the greatest common factor of 7 and z?
7
Suppose 0 = -f + 4. Suppose -f*h - h = -300. Let l(x) = -x**3 + 11*x**2 + 11*x + 24. Let p be l(12). What is the highest common factor of p and h?
12
Let n be (-10)/4*64/(-10). What is the greatest common factor of n and 40?
8
Let o(h) = h**3 - 5*h**2 - 6*h + 12. Let j be o(6). Calculate the highest common factor of j and 4.
4
Let k = 95 - -40. What is the greatest commo